{"id":1006453,"date":"2021-08-29T20:53:31","date_gmt":"2021-08-29T20:53:31","guid":{"rendered":"https:\/\/valedorosmaninho.com\/?page_id=1006453"},"modified":"2024-11-04T12:52:33","modified_gmt":"2024-11-04T12:52:33","slug":"black-starline-projeto-de-melhoria-genetica","status":"publish","type":"page","link":"https:\/\/valedorosmaninho.com\/es\/black-starline-projeto-de-melhoria-genetica\/","title":{"rendered":"Black Starline &#8211; Programa de mejora gen\u00e9tica"},"content":{"rendered":"[vc_row fullwidth=&#8221;true&#8221; fullwidth_content=&#8221;false&#8221; bg_type=&#8221;image&#8221; parallax_style=&#8221;vcpb-default&#8221; bg_image_new=&#8221;id^1006497|url^https:\/\/valedorosmaninho.com\/wp-content\/uploads\/2021\/11\/vr21_curva-sup-3.jpg|caption^null|alt^null|title^vr21_curva-sup-3|description^null&#8221; bg_image_repeat=&#8221;no-repeat&#8221; bg_image_size=&#8221;contain&#8221; bg_image_posiiton=&#8221;0px 0px&#8221; css=&#8221;.vc_custom_1636372486461{margin-bottom: 0px !important;}&#8221;][vc_column][vc_single_image image=&#8221;1006492&#8243; img_size=&#8221;331&#215;322&#8243; alignment=&#8221;center&#8221; css=&#8221;.vc_custom_1636371981048{margin-top: 30px !important;margin-bottom: 0px !important;padding-bottom: 0px !important;}&#8221;][\/vc_column][\/vc_row][vc_row][vc_column][mk_fancy_title color=&#8221;#304a60&#8243; size=&#8221;27&#8243; font_weight=&#8221;600&#8243; margin_bottom=&#8221;0&#8243; font_family=&#8221;none&#8221; align=&#8221;center&#8221;]Programa de mejora gen\u00e9tica<br \/>\nde la abeja aut\u00f3ctona <em>\u201cApis mellifera iberiensis\u201d<\/em>[\/mk_fancy_title][vc_empty_space][vc_empty_space][\/vc_column][\/vc_row][vc_row][vc_column width=&#8221;1\/2&#8243;][vc_single_image image=&#8221;1006361&#8243; img_size=&#8221;full&#8221;][\/vc_column][vc_column width=&#8221;1\/2&#8243;][vc_column_text css=&#8221;.vc_custom_1730724552823{margin-bottom: 0px !important;}&#8221;]La Empresa Ap\u00edcola -VALE DO ROSMANINHO- tiene el placer de anunciar el inicio de un nuevo proyecto encaminado a la mejora gen\u00e9tica de la abeja ib\u00e9rica, de acuerdo con las exigencias de los apicultores y los retos de futuro de la apicultura ib\u00e9rica.<\/p>\n<p>Fruto de la madurez y responsabilidad que nuestra empresa tiene en el mercado ib\u00e9rico, a partir de marzo de 2021, nuestra empresa inici\u00f3 un programa de mejora gen\u00e9tica de abejas aut\u00f3ctonas ib\u00e9ricas, con el principal objetivo de crear una estirpe de abejas con mejores caracter\u00edsticas, que potencien mejor manejo, aumento de producci\u00f3n y resistencia a enfermedades.[\/vc_column_text][\/vc_column][\/vc_row][vc_row][vc_column][vc_empty_space][\/vc_column][\/vc_row][vc_row][vc_column width=&#8221;2\/3&#8243;][vc_column_text css=&#8221;.vc_custom_1730724644848{margin-bottom: 0px !important;}&#8221;]El programa de mejoramiento se inicia y desarrolla en colaboraci\u00f3n con la experiencia del reconocido instituto alem\u00e1n Hohen Neuendorf, que gestiona la plataforma Beebreed, que cuenta con un amplio curr\u00edculum y reconocimiento internacional en el mejoramiento gen\u00e9tico de las abejas, lo cual es la piedra angular del \u00e9xito de este programa.<\/p>\n<p>En nuestro objetivo de mejora gen\u00e9tica incorporamos los intereses de nuestros clientes, \u201clos apicultores\u201d, como baja actitud defensiva, tranquilidad en el marco, menor tendencia a enjambrar, alta producci\u00f3n de miel, resistencia a las enfermedades y una fuerte salida del invierno.<\/p>\n<p>Estos aspectos son de primordial inter\u00e9s y est\u00e1n debidamente abordados en nuestro programa de mejora gen\u00e9tica de la abeja mel\u00edfera ib\u00e9rica.[\/vc_column_text][\/vc_column][vc_column width=&#8221;1\/3&#8243;][vc_single_image image=&#8221;1006493&#8243; img_size=&#8221;full&#8221;][\/vc_column][\/vc_row][vc_row][vc_column][vc_empty_space][\/vc_column][\/vc_row][vc_row bg_type=&#8221;image&#8221; parallax_style=&#8221;vcpb-default&#8221; bg_image_new=&#8221;id^1006358|url^https:\/\/valedorosmaninho.com\/wp-content\/uploads\/2021\/08\/vr21_slide-4.jpg|caption^null|alt^null|title^vr21_slide-4|description^null&#8221; bg_image_repeat=&#8221;no-repeat&#8221; bg_img_attach=&#8221;fixed&#8221; bg_image_posiiton=&#8221;0px 0px&#8221; css=&#8221;.vc_custom_1636374106236{padding-right: 20px !important;padding-left: 20px !important;}&#8221;][vc_column][vc_empty_space height=&#8221;350px&#8221;][\/vc_column][\/vc_row][vc_row][vc_column][vc_empty_space][vc_empty_space][\/vc_column][\/vc_row][vc_row][vc_column width=&#8221;1\/2&#8243;][vc_single_image image=&#8221;1006343&#8243; img_size=&#8221;520&#215;474&#8243;][\/vc_column][vc_column width=&#8221;1\/2&#8243;][vc_column_text css=&#8221;.vc_custom_1730724736466{margin-bottom: 0px !important;}&#8221;]El mejoramiento gen\u00e9tico de nuestro stock se realizar\u00e1 mediante registros de campo en diferentes condiciones ambientales para la selecci\u00f3n de reinas \u00e9lite, en un grupo de 300 colonias espec\u00edficamente seleccionadas y preparadas para tal fin.<\/p>\n<p>Para estimar el m\u00e9rito de las reinas (valores gen\u00e9ticos), utilizaremos la \u201cMejor Predicci\u00f3n Lineal Insesgada (BLUP)\u201d adaptada, ampliamente utilizada internacionalmente, con excelentes resultados demostrados, en la mejora gen\u00e9tica de las abejas.<\/p>\n<p>Como resultado de la evaluaci\u00f3n, las reinas ser\u00e1n clasificadas y finalmente seleccionadas seg\u00fan el objetivo de cr\u00eda. El objetivo final del programa es la integraci\u00f3n del control total del apareamiento para lograr los mejores resultados.<\/p>\n<p>La primera generaci\u00f3n de abejas destinadas a su comercializaci\u00f3n est\u00e1 prevista para 2024, sin embargo, este ser\u00e1 un programa de mejora continua a largo plazo, con la participaci\u00f3n activa de la comunidad ap\u00edcola ib\u00e9rica.[\/vc_column_text][\/vc_column][\/vc_row][vc_row][vc_column][vc_empty_space][vc_empty_space][\/vc_column][\/vc_row]\n","protected":false},"excerpt":{"rendered":"<p>[vc_row fullwidth=&#8221;true&#8221; fullwidth_content=&#8221;false&#8221; bg_type=&#8221;image&#8221; parallax_style=&#8221;vcpb-default&#8221; bg_image_new=&#8221;id^1006497|url^https:\/\/valedorosmaninho.com\/wp-content\/uploads\/2021\/11\/vr21_curva-sup-3.jpg|caption^null|alt^null|title^vr21_curva-sup-3|description^null&#8221; bg_image_repeat=&#8221;no-repeat&#8221; bg_image_size=&#8221;contain&#8221; bg_image_posiiton=&#8221;0px 0px&#8221; css=&#8221;.vc_custom_1636372486461{margin-bottom: 0px !important;}&#8221;][vc_column][vc_single_image image=&#8221;1006492&#8243; img_size=&#8221;331&#215;322&#8243; alignment=&#8221;center&#8221; css=&#8221;.vc_custom_1636371981048{margin-top: 30px !important;margin-bottom: 0px !important;padding-bottom: 0px !important;}&#8221;][\/vc_column][\/vc_row][vc_row][vc_column][mk_fancy_title color=&#8221;#304a60&#8243; size=&#8221;27&#8243; font_weight=&#8221;600&#8243; margin_bottom=&#8221;0&#8243; font_family=&#8221;none&#8221; align=&#8221;center&#8221;]Programa de mejora gen\u00e9tica de la abeja aut\u00f3ctona \u201cApis mellifera iberiensis\u201d[\/mk_fancy_title][vc_empty_space][vc_empty_space][\/vc_column][\/vc_row][vc_row][vc_column width=&#8221;1\/2&#8243;][vc_single_image image=&#8221;1006361&#8243; img_size=&#8221;full&#8221;][\/vc_column][vc_column width=&#8221;1\/2&#8243;][vc_column_text css=&#8221;.vc_custom_1730724552823{margin-bottom: 0px !important;}&#8221;]La Empresa Ap\u00edcola -VALE DO ROSMANINHO- tiene el placer de [&hellip;]<\/p>\n","protected":false},"author":1,"featured_media":0,"parent":0,"menu_order":0,"comment_status":"closed","ping_status":"closed","template":"","meta":{"inline_featured_image":false,"_joinchat":[],"footnotes":""},"class_list":["post-1006453","page","type-page","status-publish","hentry"],"_links":{"self":[{"href":"https:\/\/valedorosmaninho.com\/es\/wp-json\/wp\/v2\/pages\/1006453","targetHints":{"allow":["GET"]}}],"collection":[{"href":"https:\/\/valedorosmaninho.com\/es\/wp-json\/wp\/v2\/pages"}],"about":[{"href":"https:\/\/valedorosmaninho.com\/es\/wp-json\/wp\/v2\/types\/page"}],"author":[{"embeddable":true,"href":"https:\/\/valedorosmaninho.com\/es\/wp-json\/wp\/v2\/users\/1"}],"replies":[{"embeddable":true,"href":"https:\/\/valedorosmaninho.com\/es\/wp-json\/wp\/v2\/comments?post=1006453"}],"version-history":[{"count":29,"href":"https:\/\/valedorosmaninho.com\/es\/wp-json\/wp\/v2\/pages\/1006453\/revisions"}],"predecessor-version":[{"id":1011566,"href":"https:\/\/valedorosmaninho.com\/es\/wp-json\/wp\/v2\/pages\/1006453\/revisions\/1011566"}],"wp:attachment":[{"href":"https:\/\/valedorosmaninho.com\/es\/wp-json\/wp\/v2\/media?parent=1006453"}],"curies":[{"name":"wp","href":"https:\/\/api.w.org\/{rel}","templated":true}]}}

Black Starline &#8211; Programa de mejora genética

[vc_row fullwidth=&#8221;true&#8221; fullwidth_content=&#8221;false&#8221; bg_type=&#8221;image&#8221; parallax_style=&#8221;vcpb-default&#8221; bg_image_new=&#8221;id^1006497|url^https://valedorosmaninho.com/wp-content/uploads/2021/11/vr21_curva-sup-3.jpg|caption^null|alt^null|title^vr21_curva-sup-3|description^null&#8221; bg_image_repeat=&#8221;no-repeat&#8221; bg_image_size=&#8221;contain&#8221; bg_image_posiiton=&#8221;0px 0px&#8221; css=&#8221;.vc_custom_1636372486461{margin-bottom: 0px !important;}&#8221;][vc_column][vc_single_image image=&#8221;1006492&#8243; img_size=&#8221;331&#215;322&#8243; alignment=&#8221;center&#8221; css=&#8221;.vc_custom_1636371981048{margin-top: 30px !important;margin-bottom: 0px !important;padding-bottom: 0px !important;}&#8221;][/vc_column][/vc_row][vc_row][vc_column][mk_fancy_title color=&#8221;#304a60&#8243; size=&#8221;27&#8243; font_weight=&#8221;600&#8243; margin_bottom=&#8221;0&#8243; font_family=&#8221;none&#8221; align=&#8221;center&#8221;]Programa de mejora genética<br />
de la abeja autóctona <em>“Apis mellifera iberiensis”</em>[/mk_fancy_title][vc_empty_space][vc_empty_space][/vc_column][/vc_row][vc_row][vc_column width=&#8221;1/2&#8243;][vc_single_image image=&#8221;1006361&#8243; img_size=&#8221;full&#8221;][/vc_column][vc_column width=&#8221;1/2&#8243;][vc_column_text css=&#8221;.vc_custom_1730724552823{margin-bottom: 0px !important;}&#8221;]La Empresa Apícola -VALE DO ROSMANINHO- tiene el placer de anunciar el inicio de un nuevo proyecto encaminado a la mejora genética de la abeja ibérica, de acuerdo con las exigencias de los apicultores y los retos de futuro de la apicultura ibérica.</p>
<p>Fruto de la madurez y responsabilidad que nuestra empresa tiene en el mercado ibérico, a partir de marzo de 2021, nuestra empresa inició un programa de mejora genética de abejas autóctonas ibéricas, con el principal objetivo de crear una estirpe de abejas con mejores características, que potencien mejor manejo, aumento de producción y resistencia a enfermedades.[/vc_column_text][/vc_column][/vc_row][vc_row][vc_column][vc_empty_space][/vc_column][/vc_row][vc_row][vc_column width=&#8221;2/3&#8243;][vc_column_text css=&#8221;.vc_custom_1730724644848{margin-bottom: 0px !important;}&#8221;]El programa de mejoramiento se inicia y desarrolla en colaboración con la experiencia del reconocido instituto alemán Hohen Neuendorf, que gestiona la plataforma Beebreed, que cuenta con un amplio currículum y reconocimiento internacional en el mejoramiento genético de las abejas, lo cual es la piedra angular del éxito de este programa.</p>
<p>En nuestro objetivo de mejora genética incorporamos los intereses de nuestros clientes, “los apicultores”, como baja actitud defensiva, tranquilidad en el marco, menor tendencia a enjambrar, alta producción de miel, resistencia a las enfermedades y una fuerte salida del invierno.</p>
<p>Estos aspectos son de primordial interés y están debidamente abordados en nuestro programa de mejora genética de la abeja melífera ibérica.[/vc_column_text][/vc_column][vc_column width=&#8221;1/3&#8243;][vc_single_image image=&#8221;1006493&#8243; img_size=&#8221;full&#8221;][/vc_column][/vc_row][vc_row][vc_column][vc_empty_space][/vc_column][/vc_row][vc_row bg_type=&#8221;image&#8221; parallax_style=&#8221;vcpb-default&#8221; bg_image_new=&#8221;id^1006358|url^https://valedorosmaninho.com/wp-content/uploads/2021/08/vr21_slide-4.jpg|caption^null|alt^null|title^vr21_slide-4|description^null&#8221; bg_image_repeat=&#8221;no-repeat&#8221; bg_img_attach=&#8221;fixed&#8221; bg_image_posiiton=&#8221;0px 0px&#8221; css=&#8221;.vc_custom_1636374106236{padding-right: 20px !important;padding-left: 20px !important;}&#8221;][vc_column][vc_empty_space height=&#8221;350px&#8221;][/vc_column][/vc_row][vc_row][vc_column][vc_empty_space][vc_empty_space][/vc_column][/vc_row][vc_row][vc_column width=&#8221;1/2&#8243;][vc_single_image image=&#8221;1006343&#8243; img_size=&#8221;520&#215;474&#8243;][/vc_column][vc_column width=&#8221;1/2&#8243;][vc_column_text css=&#8221;.vc_custom_1730724736466{margin-bottom: 0px !important;}&#8221;]El mejoramiento genético de nuestro stock se realizará mediante registros de campo en diferentes condiciones ambientales para la selección de reinas élite, en un grupo de 300 colonias específicamente seleccionadas y preparadas para tal fin.</p>
<p>Para estimar el mérito de las reinas (valores genéticos), utilizaremos la “Mejor Predicción Lineal Insesgada (BLUP)” adaptada, ampliamente utilizada internacionalmente, con excelentes resultados demostrados, en la mejora genética de las abejas.</p>
<p>Como resultado de la evaluación, las reinas serán clasificadas y finalmente seleccionadas según el objetivo de cría. El objetivo final del programa es la integración del control total del apareamiento para lograr los mejores resultados.</p>
<p>La primera generación de abejas destinadas a su comercialización está prevista para 2024, sin embargo, este será un programa de mejora continua a largo plazo, con la participación activa de la comunidad apícola ibérica.[/vc_column_text][/vc_column][/vc_row][vc_row][vc_column][vc_empty_space][vc_empty_space][/vc_column][/vc_row]

<p>[vc_row fullwidth=&#8221;true&#8221; fullwidth_content=&#8221;false&#8221; bg_type=&#8221;image&#8221; parallax_style=&#8221;vcpb-default&#8221; bg_image_new=&#8221;id^1006497|url^https://valedorosmaninho.com/wp-content/uploads/2021/11/vr21_curva-sup-3.jpg|caption^null|alt^null|title^vr21_curva-sup-3|description^null&#8221; bg_image_repeat=&#8221;no-repeat&#8221; bg_image_size=&#8221;contain&#8221; bg_image_posiiton=&#8221;0px 0px&#8221; css=&#8221;.vc_custom_1636372486461{margin-bottom: 0px !important;}&#8221;][vc_column][vc_single_image image=&#8221;1006492&#8243; img_size=&#8221;331&#215;322&#8243; alignment=&#8221;center&#8221; css=&#8221;.vc_custom_1636371981048{margin-top: 30px !important;margin-bottom: 0px !important;padding-bottom: 0px !important;}&#8221;][/vc_column][/vc_row][vc_row][vc_column][mk_fancy_title color=&#8221;#304a60&#8243; size=&#8221;27&#8243; font_weight=&#8221;600&#8243; margin_bottom=&#8221;0&#8243; font_family=&#8221;none&#8221; align=&#8221;center&#8221;]Programa de mejora genética de la abeja autóctona “Apis mellifera iberiensis”[/mk_fancy_title][vc_empty_space][vc_empty_space][/vc_column][/vc_row][vc_row][vc_column width=&#8221;1/2&#8243;][vc_single_image image=&#8221;1006361&#8243; img_size=&#8221;full&#8221;][/vc_column][vc_column width=&#8221;1/2&#8243;][vc_column_text css=&#8221;.vc_custom_1730724552823{margin-bottom: 0px !important;}&#8221;]La Empresa Apícola -VALE DO ROSMANINHO- tiene el placer de [&hellip;]</p>
