{"id":1003100,"date":"2019-03-11T18:52:07","date_gmt":"2019-03-11T18:52:07","guid":{"rendered":"http:\/\/www.valedorosmaninho.com\/?post_type=product&#038;p=1003100"},"modified":"2024-12-09T11:38:21","modified_gmt":"2024-12-09T11:38:21","slug":"microsoja-200","status":"publish","type":"product","link":"https:\/\/valedorosmaninho.com\/es\/produto\/microsoja-200\/","title":{"rendered":"Microsoja 200"},"content":{"rendered":"","protected":false},"excerpt":{"rendered":"<p><strong>Pedidos superiores a 20 bolsas solicitar presupuesto por email (encomendas@valedorosmaninho.com)<\/strong><\/p>\n<p>Concentrado proteico de soja de origen no transg\u00e9nico (NO OGM), micronizado, con un 65% de prote\u00ednas y un aminograma equilibrado.<\/p>\n<p>El 95% de las part\u00edculas tienen un tama\u00f1o inferior a 180 micras, lo que la convierte en una harina especialmente dise\u00f1ada para las abejas y muy atractiva incluso cuando se utiliza en polvo.<\/p>\n<p>Un producto \u00fanico en el mercado, recomendado para mezclar en pastas proteicas o administrar como polvo en comederos externos.<\/p>\n<p><strong>A los precios se a\u00f1ade el 6% de IVA y los gastos de env\u00edo.<\/strong><\/p>\n<p><a href=\"http:\/\/www.valedorosmaninho.com\/wp-content\/uploads\/2019\/10\/F.T.-MICROSOJA-200-PORT.pdf\" target=\"_blank\" rel=\"noopener noreferrer\">Ficha T\u00e9cnica<\/a><\/p>\n","protected":false},"featured_media":1011598,"comment_status":"closed","ping_status":"closed","template":"","meta":{"inline_featured_image":false,"_joinchat":[]},"product_brand":[],"product_cat":[44],"product_tag":[52,55,51,54,53],"class_list":{"0":"post-1003100","1":"product","2":"type-product","3":"status-publish","4":"has-post-thumbnail","6":"product_cat-alimentacao-apicola","7":"product_tag-concentrado-de-proteina-de-soja","8":"product_tag-microsoja","9":"product_tag-microsoja200","10":"product_tag-proteina","11":"product_tag-soja","13":"first","14":"instock","15":"taxable","16":"shipping-taxable","17":"purchasable","18":"product-type-simple"},"_links":{"self":[{"href":"https:\/\/valedorosmaninho.com\/es\/wp-json\/wp\/v2\/product\/1003100","targetHints":{"allow":["GET"]}}],"collection":[{"href":"https:\/\/valedorosmaninho.com\/es\/wp-json\/wp\/v2\/product"}],"about":[{"href":"https:\/\/valedorosmaninho.com\/es\/wp-json\/wp\/v2\/types\/product"}],"replies":[{"embeddable":true,"href":"https:\/\/valedorosmaninho.com\/es\/wp-json\/wp\/v2\/comments?post=1003100"}],"wp:featuredmedia":[{"embeddable":true,"href":"https:\/\/valedorosmaninho.com\/es\/wp-json\/wp\/v2\/media\/1011598"}],"wp:attachment":[{"href":"https:\/\/valedorosmaninho.com\/es\/wp-json\/wp\/v2\/media?parent=1003100"}],"wp:term":[{"taxonomy":"product_brand","embeddable":true,"href":"https:\/\/valedorosmaninho.com\/es\/wp-json\/wp\/v2\/product_brand?post=1003100"},{"taxonomy":"product_cat","embeddable":true,"href":"https:\/\/valedorosmaninho.com\/es\/wp-json\/wp\/v2\/product_cat?post=1003100"},{"taxonomy":"product_tag","embeddable":true,"href":"https:\/\/valedorosmaninho.com\/es\/wp-json\/wp\/v2\/product_tag?post=1003100"}],"curies":[{"name":"wp","href":"https:\/\/api.w.org\/{rel}","templated":true}]}}

<p><strong>Pedidos superiores a 20 bolsas solicitar presupuesto por email (encomendas@valedorosmaninho.com)</strong></p>
<p>Concentrado proteico de soja de origen no transgénico (NO OGM), micronizado, con un 65% de proteínas y un aminograma equilibrado.</p>
<p>El 95% de las partículas tienen un tamaño inferior a 180 micras, lo que la convierte en una harina especialmente diseñada para las abejas y muy atractiva incluso cuando se utiliza en polvo.</p>
<p>Un producto único en el mercado, recomendado para mezclar en pastas proteicas o administrar como polvo en comederos externos.</p>
<p><strong>A los precios se añade el 6% de IVA y los gastos de envío.</strong></p>
<p><a href="http://www.valedorosmaninho.com/wp-content/uploads/2019/10/F.T.-MICROSOJA-200-PORT.pdf" target="_blank" rel="noopener noreferrer">Ficha Técnica</a></p>
